{"id":24,"date":"2019-12-01T12:01:02","date_gmt":"2019-12-01T11:01:02","guid":{"rendered":"https:\/\/www.kirchensteuer-fastenaktion.de\/?page_id=24"},"modified":"2020-05-15T17:59:19","modified_gmt":"2020-05-15T15:59:19","slug":"willkommen","status":"publish","type":"page","link":"https:\/\/www.kirchensteuer-fastenaktion.de\/","title":{"rendered":"Willkommen"},"content":{"rendered":"\n<p><\/p>\n\n\n\n<h4 class=\"white wp-block-heading\"><strong>Herzlich Willkommen &#8211; wir freuen uns \u00fcber Ihren Besuch!<\/strong><\/h4>\n\n\n\n<p class=\"white\">Der Verein Zukunft-Kirche stellt mit dieser Internetseite die Plattform www.kirchensteuer-fastenaktion.de f\u00fcr den Austausch von Informationen zur Verf\u00fcgung f\u00fcr alle Christinnen und Christen, die die Reformbestrebungen der Kirchen in Deutschland seit vielen Jahren mit verfolgen und auf eine oder andere Weise versuchten, sich im Sinne einer notwendigen Erneuerung zu engagieren. Es sind Menschen, die ihre Kirche als Zentrum ihrer spirituellen Heimat von ganzem Herzen lieben. Gerade deshalb leiden sie auch besonders unter dem zerst\u00f6rerischen Einfluss, den einige F\u00fchrungspers\u00f6nlichkeiten mit ihren ganz eigenen Auslegungen des Evangeliums innerhalb dieser Institution aus\u00fcben. <br><a href=\"https:\/\/www.kirchensteuer-fastenaktion.de\/index.php\/zukunft-kirche\/\" style=\"color: white; text-decoration: underline;\">Mehr \u00fcber den Verein Zukunft-Kirche<\/a> <\/p>\n\n\n\n<p class=\"unsichtbar\">Wir sind katholische Christinnen und Christen. Wir lieben unseren Glauben und engagieren uns f\u00fcr ihn. Und wir sind der \u00dcberzeugung, dass unserer Gesellschaft ohne die Kirche etwas Wichtiges fehlen w\u00fcrde.<br>Sp\u00e4testens seit der gro\u00dfen Missbrauchsstudie wissen wir jedoch, dass grunds\u00e4tzlicher \u00c4nderungsbedarf in der katholischen Kirche besteht. Sexueller Missbrauch, die \u00dcberwindung einer verbotsorientierten Sexualmoral, die Frage nach Macht und Machtmissbrauch in der Kirche so-wie die Stellung von Frauen in der katholischen Kirche und ihre gerechte Teilhabe: Dies alles h\u00e4ngt zusammen. Unsere Glaubw\u00fcrdigkeit verlangt es, dass wir uns diesen Themen stellen.<\/p>\n\n\n\n<p class=\"unsichtbar\">Bei 3 \u00f6ffentlichen Gespr\u00e4chsabenden in Reutlingen im Oktober und November 2019 haben wir \u00fcber diese Themen gesprochen und nachgedacht. Die folgenden \u00dcberlegungen und formulier-ten Erwartungen sind das Ergebnis dieses Nachdenkens und miteinander Sprechens. Wir ver-stehen sie als einen Beitrag zum Synodalen Weg.<br>Sexueller Missbrauch<br>Nach ersten ernstzunehmenden Berichten bereits im Jahre 2010 liegen seit September 2018 die Ergebnisse der MHG-Studie zum sexuellen Missbrauch in der katholischen Kirche Deutsch-lands vor. Uns irritiert, dass mehr als zwei Jahre danach immer noch der Eindruck herrscht, dass nicht alle deutschen Di\u00f6zesen bereitwillig und transparent mit unabh\u00e4ngigen Stellen ko-operieren, um diesen Skandal aufzukl\u00e4ren, aufzuarbeiten, Wiedergutmachung zu leisten und Pr\u00e4ventionsma\u00dfnahmen zu ergreifen, die sexuellen Missbrauch durch Priester, Amtstr\u00e4ger und Vertreter der Kirche in Zukunft verhindern.<\/p>\n\n\n\n<p class=\"unsichtbar\">Die Titel der drei Abende machen die Brisanz der Diskussionsabende deutlich:<br><strong>Sexueller Missbrauch<\/strong> &#8211; Was geschehen ist. Warum das so schlimm ist. Was jetzt getan werden muss. Welche Fragen sich jetzt stellen.<br><strong>Sexualmoral<\/strong> &#8211; \u00dcberwindung der Tabuisierung von Sexualit\u00e4t. Aufbau einer ehrlichen Kommunikation in der Kirche. Weg von einer verbotsorientierten, hin zu einer menschenfreundlichen Sexualmoral.<br><strong>Machtmissbrauch<\/strong> &#8211; Beispiele und Ursachen von Machtmissbrauch durch kirchliche Amtstr\u00e4ger (Klerikalismus). Gewaltenteilung: auch in der Kirche? Die W\u00fcrde der Person: der einzelne Mensch als Subjekt des Glaubens. Notwendige \u00c4nderungen im Kirchenrecht.<br>Die Initiatorin, Di\u00f6zesanr\u00e4tin und Erzieherin Gabriele Derling und die Initiatoren, der Religionsp\u00e4dagoge Bernhard Bosold und der Arzt und Psychotherapeut Dr. Stefan Steinert, f\u00fchrten aus ihrer professionellen Sicht in das jeweilige Thema ein. Immer schloss sich eine engagierte und oftmals pers\u00f6nlich betroffene Diskussion in Kleingruppen an: Es kamen alte Menschen, die der mittleren Generation und auch den Jungen erz\u00e4hlen, wie sich das angef\u00fchlt hat, unter der rigiden katholischen Sexualmoral der Mutter eine erste Liebe zu erleben \u2013 wieviel Gift der strenge Blick der Kirche in den Ehe- und Familienalltag eingetragen hat. Sie erz\u00e4hlen vom Lehrer, vom Pfarrer, der \u201eschon wusste\u201c, welche Eltern sich beschweren, wenn die Strafen \u201eungew\u00f6hnlich hart\u201c oder \u201eirgendwie seltsam\u201c waren und welche Eltern daf\u00fcr keine Kraft und nicht die gesellschaftliche Stellung hatten, so dass die Kinder eher \u201erangenommen\u201c wurden. Alle gemeinsam erz\u00e4hlten auch von aktuellen Erfahrungen von Grenz\u00fcberschreitung und Machtmissbrauch in der deutschen und in anderen Kirchen und davon, was es bedeutet, selbst neu auf der Suche zu sein nach einem Ort in der Kirche.<br>Aus den Ergebnissen der drei Abende verfassten die drei Initiatoren Situationsbeschreibungen und Forderungen zu allen drei Themen. Es stellte sich heraus, dass ein viertes Thema die anderen drei wie ein roter Faden durchzog: Die fehlende Geschlechtergerechtigkeit in der katholischen Kirche wurde als vierter Punkt hinzugef\u00fcgt.<br>Am 20.2 stellten die Verfasserin und die Verfasser ihr Papier \u00f6ffentlich zur Diskussion. Einzelne Passagen wurden hervorgehoben, weniges erg\u00e4nzt.<br>Schlie\u00dflich legten die Anwesenden fest, wie mit den zu Papier gebrachten Erfahrungen und Forderungen umgegangen werden soll: Sie sollen als \u201eR\u00fcckenwind f\u00fcr den synodalen Weg\u201c dienen. Dazu werden sie den di\u00f6zesanen Teilnehmenden zur Verf\u00fcgung gestellt. Interessierte sollen die M\u00f6glichkeit bekommen sich zu solidarisieren. Daher geht am 2. M\u00e4rz eine Petition unter <a rel=\"noreferrer noopener\" href=\"http:\/\/www.openpetition.de\/\" target=\"_blank\">www.openpetition.de<\/a> online. Der vollst\u00e4ndige Text ist ebenfalls ab 2. M\u00e4rz auf der Homepage der katholischen Erwachsenenbildung Bildungswerk Kreis Reutlingen e.V. zu finden: <a rel=\"noreferrer noopener\" href=\"http:\/\/www.keb-rt.de\/\" target=\"_blank\">www.keb-rt.de<\/a>.<\/p>\n","protected":false},"excerpt":{"rendered":"<p>Herzlich Willkommen &#8211; wir freuen uns \u00fcber Ihren Besuch! Der Verein Zukunft-Kirche stellt mit dieser Internetseite die Plattform www.kirchensteuer-fastenaktion.de f\u00fcr &hellip; <a href=\"https:\/\/www.kirchensteuer-fastenaktion.de\/\" class=\"more-link\">Weiter lesen <span class=\"screen-reader-text\">Willkommen<\/span> <span class=\"meta-nav\">&rarr;<\/span><\/a><\/p>\n","protected":false},"author":1,"featured_media":0,"parent":0,"menu_order":0,"comment_status":"closed","ping_status":"closed","template":"page-templates\/no-sidebar-100.php","meta":{"footnotes":""},"_links":{"self":[{"href":"https:\/\/www.kirchensteuer-fastenaktion.de\/index.php\/wp-json\/wp\/v2\/pages\/24"}],"collection":[{"href":"https:\/\/www.kirchensteuer-fastenaktion.de\/index.php\/wp-json\/wp\/v2\/pages"}],"about":[{"href":"https:\/\/www.kirchensteuer-fastenaktion.de\/index.php\/wp-json\/wp\/v2\/types\/page"}],"author":[{"embeddable":true,"href":"https:\/\/www.kirchensteuer-fastenaktion.de\/index.php\/wp-json\/wp\/v2\/users\/1"}],"replies":[{"embeddable":true,"href":"https:\/\/www.kirchensteuer-fastenaktion.de\/index.php\/wp-json\/wp\/v2\/comments?post=24"}],"version-history":[{"count":21,"href":"https:\/\/www.kirchensteuer-fastenaktion.de\/index.php\/wp-json\/wp\/v2\/pages\/24\/revisions"}],"predecessor-version":[{"id":201,"href":"https:\/\/www.kirchensteuer-fastenaktion.de\/index.php\/wp-json\/wp\/v2\/pages\/24\/revisions\/201"}],"wp:attachment":[{"href":"https:\/\/www.kirchensteuer-fastenaktion.de\/index.php\/wp-json\/wp\/v2\/media?parent=24"}],"curies":[{"name":"wp","href":"https:\/\/api.w.org\/{rel}","templated":true}]}}